and 12358?
74
Calculate the greatest common divisor of 43970 and 90.
10
Calculate the greatest common factor of 9020 and 2132.
164
Calculate the highest common divisor of 26290 and 258598.
478
What is the highest common factor of 219241 and 704?
11
Calculate the greatest common divisor of 28566 and 1674.
54
What is the greatest common factor of 791 and 209276?
113
Calculate the highest common divisor of 136235 and 440.
55
Calculate the greatest common factor of 1413764 and 2032.
508
Calculate the greatest common divisor of 241 and 69167.
241
What is the greatest common divisor of 135 and 11799?
27
Calculate the highest common divisor of 152 and 438501.
19
Calculate the greatest common factor of 1127 and 36015.
49
Calculate the highest common divisor of 55755 and 6.
3
Calculate the greatest common divisor of 4290 and 308165.
715
What is the greatest common factor of 575 and 1403?
23
Calculate the highest common factor of 38547 and 9.
9
What is the greatest common divisor of 7 and 4417?
7
What is the highest common divisor of 16580 and 1120?
20
Calculate the greatest common factor of 11426 and 1102.
58
What is the highest common divisor of 2502 and 72280?
278
Calculate the greatest common divisor of 134 and 76648.
134
Calculate the greatest common factor of 5221 and 5.
1
What is the greatest common factor of 130 and 98722?
26
Calculate the highest common factor of 1070245 and 1760.
55
What is the highest common divisor of 92 and 610604?
92
What is the highest common divisor of 54035 and 3317?
107
Calculate the greatest common factor of 220092 and 588.
12
What is the highest common factor of 12 and 77466?
6
Calculate the highest common factor of 1304586 and 648.
162
Calculate the highest common factor of 177 and 1191.
3
What is the highest common divisor of 3051 and 5989?
113
Calculate the greatest common factor of 549 and 1282464.
549
What is the greatest common divisor of 859136 and 1280?
256
What is the highest common divisor of 921 and 7982?
307
What is the greatest common divisor of 5 and 263715?
5
Calculate the highest common factor of 1064 and 9082.
38
Calculate the highest common divisor of 99 and 34100.
11
Calculate the greatest common factor of 246051 and 2691.
117
Calculate the highest common divisor of 101997 and 63.
63
What is the highest common divisor of 64 and 293312?
64
Calculate the greatest common factor of 3971107 and 49.
49
Calculate the greatest common divisor of 691054 and 26.
26
Calculate the greatest common factor of 377910 and 117.
117
Calculate the highest common divisor of 152252 and 17.
17
Calculate the greatest common divisor of 22042 and 5150.
206
What is the greatest common divisor of 49752 and 4392?
72
What is the highest common factor of 2726 and 6670?
58
Calculate the highest common factor of 269040 and 16.
16
Calculate the greatest common divisor of 37327 and 916.
229
Calculate the highest common divisor of 102327 and 189824.
1483
Calculate the greatest common factor of 678984 and 456.
456
Calculate the greatest common divisor of 63072 and 396.
36
What is the greatest common divisor of 300777 and 1819?
107
What is the greatest common divisor of 4763 and 22?
11
What is the highest common divisor of 45407 and 17?
17
What is the highest common divisor of 20132 and 56?
28
Calculate the greatest common divisor of 13932 and 3456.
108
Calculate the greatest common divisor of 15550 and 1250.
50
Calculate the greatest common divisor of 1782 and 74250.
594
What is the highest common factor of 2515 and 97079?
503
What is the greatest common factor of 169376 and 670?
134
What is the highest common factor of 82555 and 32395?
1045
What is the highest common divisor of 142614 and 19?
19
Calculate the highest common factor of 271264 and 1120.
224
Calculate the greatest common divisor of 5781 and 125349.
141
Calculate the highest common divisor of 1226065 and 379.
379
Calculate the highest common divisor of 1425595 and 35.
5
What is the greatest common factor of 281 and 1380553?
281
Calculate the greatest common factor of 1262287 and 26.
13
Calculate the highest common factor of 9047796 and 24.
12
What is the greatest common divisor of 144 and 2405160?
72
Calculate the highest common divisor of 2090 and 4730.
110
What is the greatest common factor of 126 and 85624?
14
What is the greatest common factor of 21 and 382207?
7
What is the greatest common factor of 976 and 156404?
244
What is the greatest common factor of 3532822 and 248?
62
Calculate the greatest common divisor of 14773 and 99.
11
What is the greatest common divisor of 5919465 and 30?
15
Calculate the highest common factor of 13 and 37427.
13
Calculate the greatest common divisor of 22 and 225192.
22
What is the highest common divisor of 17900 and 340?
20
Calculate the highest common divisor of 11692 and 2528.
316
What is the greatest common factor of 1314 and 2537334?
1314
Calculate the highest common factor of 340 and 188.
4
Calculate the greatest common divisor of 40828 and 767.
59
What is the greatest common factor of 3068 and 46709?
13
What is the greatest common divisor of 2952 and 51?
3
What is the greatest common divisor of 5970 and 1075794?
1194
What is the highest common divisor of 750 and 324660?
30
Calculate the highest common divisor of 13803 and 1605.
321
What is the greatest common factor of 340 and 85900?
20
Calculate the greatest common factor of 2539288 and 16.
8
Calculate the highest common factor of 125402 and 2.
2
What is the greatest common divisor of 17 and 243?
1
Calculate the greatest common factor of 6724 and 36.
4
Calculate the greatest common factor of 16770 and 90.
30
Calculate the greatest common divisor of 690 and 29739.
69
What is the greatest common divisor of 819 and 391183?
13
Calculate the greatest common divisor of 124222 and 798.
266
Calculate the greatest common divisor of 25833 and 110199.
327
What is the highest common divisor of 14160 and 1722?
6
Calculate the greatest common factor of 45 and 2002095.
45
Calculate the highest common factor of 57 and 126426.
57
What is the greatest common factor of 228978 and 666?
18
Calculate the highest common factor of 33 and 841775.
11
Calculate the highest common factor of 44353 and 136.
17
What is the greatest common divisor of 243 and 304?
1
What is the highest common factor of 21 and 7566?
3
Calculate the greatest common divisor of 110398 and 382.
382
What is the highest common factor of 112170 and 6?
6
Calculate the greatest common factor of 3497 and 6187.
269
What is the greatest common divisor of 51800 and 37100?
700
Calculate the greatest common factor of 16390 and 7152.
298
What is the greatest common divisor of 3288314 and 1084?
542
What is the greatest common divisor of 7608 and 456?
24
Calculate the greatest common factor of 15 and 2465655.
15
What is the highest common divisor of 6284248 and 1461?
487
What is the highest common factor of 724340 and 20?
20
What is the greatest common divisor of 413 and 39353?
59
What is the greatest common factor of 19234 and 236?
118
Calculate the greatest common factor of 362916 and 459.
153
What is the greatest common divisor of 4439 and 1351?
193
Calculate the highest common factor of 595936 and 11.
11
What is the greatest common factor of 110 and 3950?
10
What is the greatest common divisor of 1127 and 575?
23
What is the highest common factor of 305025 and 42?
21
Calculate the highest common divisor of 84968 and 14534.
1118
Calculate the greatest common divisor of 177119 and 74.
37
What is the greatest common divisor of 3989237 and 98?
49
Calculate the greatest common factor of 265 and 2287003.
53
Calculate the greatest common divisor of 4911 and 17.
1
What is the highest common factor of 15 and 613980?
15
Calculate the highest common factor of 22 and 152603.
11
What is the highest common factor of 20415 and 810?
15
What is the greatest common divisor of 20080 and 640?
80
What is the highest common factor of 842 and 972089?
421
Calculate the highest common factor of 68 and 37995.
17
What is the highest common divisor of 4527 and 1863?
9
Calculate the greatest common divisor of 260 and 1163020.
20
What is the greatest common divisor of 84 and 3675?
21
What is the highest common factor of 264 and 30756?
132
Calculate the greatest comm